+ 3*r - 2 + 47 = g, 45 = 5*f + 5*r. Calculate the remainder when (-550)/(-35) + (-4)/(-14) is divided by f.
7
Suppose 3*r = 72 + 72. Suppose -r = n - 4*n. What is the remainder when 45 is divided by n?
13
Let s = 37 - 24. What is the remainder when 49 is divided by s?
10
Let s(x) = -5*x**3 - x**2 + x + 2. Let o = 14 + -7. What is the remainder when o is divided by s(-1)?
2
Let v = -9 + 14. Let p(j) = 4*j + 2*j + 3 - 5*j. What is the remainder when 31 is divided by p(v)?
7
Suppose 5*z - 120 = -0*z. Let b = -21 + z. Calculate the remainder when 12 is divided by b.
0
Suppose -17*b + 12*b = -810. What is the remainder when b is divided by 33?
30
Let g(t) = 2 - t**2 + 9*t + t + 5*t - 4*t. Calculate the remainder when 21 is divided by g(10).
9
Let y = 10 + -10. Suppose y = 4*x + x - 135. What is the remainder when x is divided by 15?
12
Calculate the remainder when 60 is divided by (-5)/2*-6 - -1.
12
Suppose 4*y + 60 = 5*v + 9*y, 3*y = 3*v - 54. What is the remainder when 238 is divided by v?
13
Calculate the remainder when 165 is divided by (-4)/(4/(-21)) + 3.
21
Suppose 4*d - 8 = -0*d. Suppose o - 3*o + 3*f - 2 = 0, 12 = d*o + 4*f. Suppose -o*j - 35 = -7*j. Calculate the remainder when j is divided by 4.
3
Let b(m) = -m**2 - 9*m + 9. Let q be b(-10). What is the remainder when 71 is divided by (-2 + 6)*(q - -7)?
23
What is the remainder when 60 + -4 + (2 - 1) is divided by 15?
12
Suppose -3 - 7 = -5*v. Let s = 14 - 14. Suppose s = 3*m - 4*p - 66, -v*m - 3*m = 5*p - 75. What is the remainder when 52 is divided by m?
16
Let i = -24 + 17. Let x(p) = -3*p**2 + 10 - p**3 + 2*p**2 + p - 6*p**2. Calculate the remainder when 7 is divided by x(i).
1
Suppose 0 = 2*w - 5*w. Suppose 0 = -j + c + 28, w = -0*j + j + 2*c - 22. Calculate the remainder when j is divided by 14.
12
Suppose -3*q + 8 = -4. Suppose -5*y + 72 - 3 = q*l, -4*l + y + 87 = 0. Calculate the remainder when 81 is divided by l.
18
Let z(o) = o**2 + o - 17. What is the remainder when 19 is divided by z(-6)?
6
Let r = 13 + -11. Suppose r*b + 32 - 212 = 0. Calculate the remainder when b is divided by 23.
21
Let n = 32 - 16. Calculate the remainder when n is divided by 6.
4
Let p(x) = 2*x**2 + 6*x - 5. Calculate the remainder when p(-6) is divided by 17.
14
Let w = 12 + -18. What is the remainder when 10/4 + 3/(-6) is divided by ((-2)/w)/(1/3)?
0
Let j(a) = a**2 - 4*a - 4. Let w be j(4). Let t = w + 9. What is the remainder when t is divided by 2?
1
Suppose -2*o - 9 = -5*o. Calculate the remainder when 8 is divided by o.
2
Suppose -6 = 5*k - 16. What is the remainder when 23 is divided by k/(-3 + 39/12)?
7
What is the remainder when 642/(1 + 2) - (-1 + 1) is divided by 54?
52
Let a = -13 + 28. Calculate the remainder when 74 is divided by a.
14
Let m = 23 + -9. Let s = 21 - m. Calculate the remainder when 19 is divided by s.
5
Let b(g) = g - 3. Let o be b(5). Suppose -d - o*d + 6 = 0. Suppose 0 = 4*x + x - 25. Calculate the remainder when x is divided by d.
1
Let k be 38/((-8)/(-3) + -2). Suppose 3*r + r = 16. Calculate the remainder when (k/2)/(3/r) is divided by 13.
12
Let z(m) = 7*m**3 + m**2 - 2*m + 1. Calculate the remainder when 53 is divided by z(1).
4
Let r = -2 + 10. Suppose 2*n + r*z = 5*z + 125, -3*n - z + 170 = 0. What is the remainder when n is divided by 14?
13
Let g(d) = -d**2 - 2. Let y be g(0). Let a(s) = s + 32. What is the remainder when a(0) is divided by (34/y)/(-2 - -1)?
15
Suppose 48 = -4*n + 3*x - 5*x, 0 = 4*x - 16. Suppose -2*h = -c - 25, 5*h + 73 = -3*c + 9. Let f = n - c. What is the remainder when 17 is divided by f?
8
Suppose 4*i + 17 = 1, 2*i = 2*t - 46. Suppose h - 5*u = -2*u + 47, h = -4*u + t. Let g(c) = c**2 + 12. Calculate the remainder when h is divided by g(0).
11
Suppose 4*g - 100 = x, -2*g - 3*x = 2*x - 28. Suppose -5*q - 3*k = -g + 4, k - 16 = -4*q. What is the remainder when q is divided by 2?
0
Let y = 18 + -45. Let z = y - -84. What is the remainder when z is divided by 12?
9
Calculate the remainder when (-261)/(-4) - 6*(-6)/(-144) is divided by 33.
32
Let r(x) = 5*x + 4*x + 2*x**2 - 1 + x + 0. Let s be r(-7). Suppose -y - d + s = 0, -2*y - 5*d + 107 = 2*y. Calculate the remainder when y is divided by 15.
13
Calculate the remainder when ((-33)/2 - -4)*-2 is divided by 14.
11
Suppose -3*w + 5*c = 493, -w + 2*c + 104 = 270. Calculate the remainder when (-8)/28 + w/(-7) is divided by 8.
6
Let f(q) = -q**3 - 5*q**2 + 6*q - 1. Let z be f(-6). Let a = z + 2. Let u(d) = d + 4. Calculate the remainder when u(-3) is divided by a.
0
Suppose k - 3*k = -4. Suppose 0 = -y - k*y + 168. Suppose 3*h + h = y. Calculate the remainder when h is divided by 8.
6
Let f = 8 - 6. What is the remainder when 504/49 + f/(-7) is divided by (-4)/(-6) + (-10)/(-3)?
2
What is the remainder when (4/8)/(1/12) is divided by (1 + -4)/(6/(-4))?
0
Suppose 4*h + 6 = h, 64 = 2*g - 4*h. Calculate the remainder when g is divided by 10.
8
Let s be 16 - 0/(-2 + 0). Suppose 0*p + s = 2*p. What is the remainder when 14 is divided by p?
6
What is the remainder when 67 is divided by 2/(-7) - 484/(-28)?
16
Suppose -2*z = -n + 11, 0 = -4*n + 3*z - 2*z + 9. Let h = n + 5. Calculate the remainder when h is divided by 4.
2
Let p(l) = 11*l**2. Let m(j) = -2*j**3 + 1. Let f be m(1). Calculate the remainder when 32 is divided by p(f).
10
Let f(x) = 13*x**2 - x - 2. What is the remainder when 45 is divided by f(-1)?
9
Let s = -41 - -133. Calculate the remainder when s is divided by 31.
30
What is the remainder when 5 is divided by 6/9 + 14/6?
2
Let c(a) = -5*a - 5. Let s(t) = -5*t - 4. Let d(f) = 3*c(f) - 4*s(f). Calculate the remainder when 47 is divided by d(3).
15
Let c = -93 + 102. What is the remainder when 78 is divided by c?
6
Let j = 1 - -2. Let b = -9 + 12. Suppose -b*d = 4*l + d - 12, 6 = -j*d. Calculate the remainder when 8 is divided by l.
3
Let r(p) = 2*p**2 - 2*p + 4. Let w = 9 + -3. What is the remainder when r(3) is divided by w?
4
Suppose 0 = -4*l + 8 + 24. Suppose 9 = 3*g, -4*g = -3*z - 7*g + 54. What is the remainder when z is divided by l?
7
Let p be 16/3 - (-4)/6. Suppose -24 = -2*s - p. Calculate the remainder when 24 is divided by s.
6
Suppose 3*n + 45 = -3*u, -3*u - 19 - 26 = 4*n. Let w = u - -30. What is the remainder when 42 is divided by w?
12
Suppose 0 = 3*b + 2 + 1. Let t = 13 + 1. Calculate the remainder when b - ((-1)/(-1) + -29) is divided by t.
13
Let b be -1*2*(-21)/6. Let a = b + -2. Suppose 0*m = -a*z - 5*m + 10, 5*m = 3*z - 30. Calculate the remainder when 13 is divided by z.
3
Calculate the remainder when (-417)/(-2) + 1 + (-2)/4 is divided by 42.
41
Let s(d) = -d**3 + 6*d**2 + 7*d - 35. Calculate the remainder when 27 is divided by s(5).
2
Let z(v) = -9*v - 9. Suppose 15 = -4*b + 5*c - 8, -2*b = -5*c + 9. Calculate the remainder when z(b) is divided by 28.
26
Suppose -4*b = 4*m - 16, 2*b - 7*b = 2*m - 11. What is the remainder when 5 is divided by m?
2
Suppose 3*w = 2*x - 27, -5*w + 89 - 9 = 5*x. Let t(y) = -10*y + 3. Calculate the remainder when t(-4) is divided by x.
13
Calculate the remainder when 58 is divided by (-60)/16*(-16)/3.
18
Suppose -3*j + 43 = 2*d - 1, -23 = -j + d. What is the remainder when 33 is divided by j?
15
Suppose 0 = 3*s + 33 - 312. What is the remainder when s is divided by 32?
29
Let g(u) = -9*u**3 - 5*u**2 + 5*u + 5. Let w(t) = 10*t**3 + 6*t**2 - 6*t - 6. Let f(c) = 4*g(c) + 3*w(c). Calculate the remainder when f(-2) is divided by 10.
8
Let x(t) = -t**3 - 2*t**2 + 5*t - 3. Suppose 0 = 4*o + o + 20. Let c be x(o). Let q = c + 16. What is the remainder when q is divided by 13?
12
Let o be 1 + 4 + (-1 - 1). Suppose 0 = -2*d - d + 12. Suppose o*v + d*g = 68, -v - 3*g + 2*g + 22 = 0. What is the remainder when v is divided by 7?
6
Let u = 13 - 20. Let x(y) = -y**2 - 7*y. Let t be x(u). What is the remainder when 26 is divided by 7*(3 - (1 + t))?
12
Let b(r) = -r**3 + 2*r + 1. Let v be b(2). Suppose 4*n - 7*n = -36. Calculate the remainder when 43 - (3 + -2) - v is divided by n.
9
Suppose -r - 4*r + 80 = 0. Suppose -i - 4 = -6. Calculate the remainder when 0/i + (58 - -3) is divided by r.
13
Let i = 36 + 1. Calculate the remainder when i is divided by 14.
9
Suppose 2*w - 36 = -4*h, -2*h + 2*w = 2*h - 28. Suppose -3*a - h = a, 4*k = 3*a + 38. Calcu